Suppose 13*s = 4*o + 11*s - 56, -5*o + r*s = -67. What is the greatest common divisor of o and 3?
3
Suppose -123*o = -6678 - 8697. Calculate the highest common factor of o and 18625.
125
Let l be 1 - -1*(0 - -20). Let o(i) = i**3 - 8*i**2 - 8*i - 6. Let b be o(9). Let h be (b + -4 - 0)*(-33)/11. Calculate the greatest common divisor of h and l.
3
Let c(k) = 13*k + 317. Let z be -4 + 1 + (-37 - -27). Let x be c(z). What is the greatest common factor of x and 666?
74
Suppose -710 = -1524*v + 1514*v. What is the greatest common factor of v and 12354?
71
Let i(n) be the second derivative of n**5/10 + n**4/3 + n**3/2 + 9*n**2/2 - 48*n. Let z be i(5). Calculate the highest common factor of z and 34.
34
Let s = -124 - -126. Let h be s/(-3)*(-6 - (-3 + 9)). Calculate the greatest common divisor of 42 and h.
2
Suppose -2*c + l = -272, -46*c = -49*c - l + 398. What is the greatest common factor of c and 871?
67
Let w be (-8 - -196)*(-33)/(-6). What is the greatest common divisor of 4 and w?
2
Suppose -4*k + 1019 = 51. Suppose 52 = g + 4*a, -3 = -5*a + 7. What is the greatest common divisor of k and g?
22
Let f = -3612 - -3780. What is the highest common divisor of f and 756?
84
Suppose 2*u - 517 = 5*h, 67*h + 821 = 3*u + 66*h. Calculate the greatest common factor of 1644 and u.
12
Let c be 1*5/(5/64). Let u be c/112 - 1532/(-14). What is the highest common divisor of u and 30?
10
Let l = -2425 - -14712. What is the greatest common factor of 44 and l?
11
Let v(l) = l**2 - 4*l - 7. Let j be v(6). Suppose 310 = -10*x + 12*x - d, 785 = 5*x - j*d. Calculate the greatest common divisor of x and 9.
9
Let p(t) = t**2 - 97*t + 1844. Let z be p(25). What is the greatest common divisor of 320 and z?
4
Suppose 0 = 54*l - 72*l + 486. Let w(m) = -m - 4. Suppose 2*a - q = -2*q - 11, 3*a = 3*q - 30. Let v be w(a). Calculate the greatest common factor of v and l.
3
Suppose -271*m = -57*m - 69336. What is the highest common factor of 216 and m?
108
Let x be 188*((-52)/8 + 13). What is the greatest common factor of x and 52?
26
Suppose 2*k + 9 = -9. Let c be 9/(k/20 - (-30)/40). Calculate the highest common factor of 12 and c.
6
Let x = 333 + -182. Let b = 193 - x. Calculate the greatest common factor of 18 and b.
6
Let f(w) = w**3 - 2*w**2 - 7*w + 7. Let p be f(4). Suppose 0 = u - 0*b - b - 7, -2*u = -b - p. What is the greatest common factor of u and 92?
4
Let t be -1 + 1 + (413 - 341). Calculate the highest common divisor of 6606 and t.
18
Suppose -5*t = -77 - 48. Let s = 214 + -39. What is the greatest common divisor of s and t?
25
Suppose -5412 = 20*x - 23*x + 2*n, 3640 = 2*x + 4*n. Calculate the greatest common factor of x and 16.
16
Let b = 6570 + -1420. Calculate the greatest common factor of 50 and b.
50
Let z(n) = -2704*n - 7488. Let k be z(-15). Calculate the highest common divisor of 78 and k.
78
Let s be (-564)/(-15) + 2/5. Suppose 4*a - 679 = 81. What is the greatest common factor of a and s?
38
Suppose b = r - 291, 4*b = -55 + 39. Calculate the highest common divisor of 738 and r.
41
Let f = -9264 + 9862. What is the highest common divisor of f and 702?
26
Let n(z) = -z**3 - 8*z**2 - 8*z + 11. Suppose 8 = -8*j + 7*j. Let g be n(j). Let h = g + -70. What is the highest common factor of 60 and h?
5
Let y be ((-5 - -24) + -7)/(2 + 0). What is the highest common divisor of 942 and y?
6
Suppose 2*o - 200 + 150 = 0. Suppose 9*l - 6*l = -279. Let m = 132 - l. What is the greatest common factor of o and m?
25
Let q = 138 + -132. Let x be ((-46)/q + 1)*-21. Calculate the highest common factor of x and 56.
28
Let n be (-13 + 2 - -1385)*(-100)/(-8). What is the highest common divisor of 75 and n?
75
Let b = -48 + 74. Let f = b - 26. Suppose f*a = -3*a + 12. Calculate the highest common factor of 8 and a.
4
Let t = -113 + 145. Let f = 33 - 36. Let j be (10 - 7)*(-4)/f. Calculate the highest common factor of t and j.
4
Let f be (-290)/(-87)*((-7452)/15)/(-6). Calculate the greatest common divisor of f and 1242.
138
Let l be (2 - 29)/(5/(-5)). Let k(u) = -u**2 + 19*u - 75. Let p be k(15). Let g be 54/15*p/(-6). Calculate the greatest common factor of g and l.
9
Suppose 5*n = -28 + 198. Let w(s) = -s**3 - 23*s**2 - 29*s - 184. Let i be w(-22). Let t = i + n. What is the greatest common factor of 1 and t?
1
Let f be (-10)/14 - -1 - (-4496)/(-56). Let w be (1980/(-176))/(6/f). Calculate the highest common factor of 15 and w.
15
Let g be 14471/(-203) - 2/(-7). Let y = g - -91. Let s be 1/(2/((-20)/(-2))). What is the greatest common factor of y and s?
5
Let f be (-4 + 4 - 1)*5. Suppose 3*c = -r - 0*r - 290, 2*c + 5*r + 215 = 0. Let m = f - c. What is the highest common factor of m and 10?
10
Let a(g) = 5*g - 12*g + 8*g. Let p be a(-13). Let d(f) = -f + 4. Let v be d(p). What is the highest common divisor of 153 and v?
17
Suppose 2*o = -7*o + 36. Let m = 67 + -64. Suppose -1 - m = -4*y - 3*l, -y - 4*l = 12. What is the highest common divisor of o and y?
4
Suppose 0 = 3*f + 2*p - 9, -17 = -2*f - 2*f - p. Suppose 4*t = -f*y + 62, -t - 4*t = 10. What is the greatest common divisor of 126 and y?
14
Suppose -174*u = -232*u + 62118. Calculate the highest common divisor of u and 765.
153
Let s = -3900 - -11052. Calculate the greatest common divisor of 24 and s.
24
Suppose 0 = 6*w - 283 + 253. Let d(j) = j**2 - j + 6. Let t be d(w). Calculate the greatest common divisor of 117 and t.
13
Suppose -5*z + 30 = l, 2*l + 28 = 4*l + 2*z. Let v = 99197 - 98947. Calculate the greatest common factor of v and l.
10
Let r(g) = 26*g**2 + 54*g - 57. Let j be r(-4). Let y be (-25)/(-10)*52/10. Calculate the greatest common divisor of y and j.
13
Suppose 13*y - 401*y = -51216. Calculate the greatest common factor of 3520 and y.
44
Let o = 12548 - 12514. What is the highest common divisor of o and 32674?
34
Let f = -25202 - -26787. What is the highest common factor of f and 6974?
317
Let t be -4 + (-18)/(-2) + 128. Let q = -2 + 21. What is the highest common divisor of t and q?
19
Let z(p) = -p - 8. Let d be z(-15). Suppose f - 4*y = -26, -3*y = -f - 35 + d. Let o = f + 43. What is the highest common factor of 72 and o?
9
Suppose -45*u + 6670 = 550. What is the greatest common factor of 68 and u?
68
Let n = -2 - -27. Suppose 2*i + 3*i - n = 0. Suppose -5*t - 2*q = -175 + 50, i*q - 48 = -t. Calculate the greatest common divisor of t and 46.
23
Suppose 1750 = 28*o - 13650. What is the highest common divisor of o and 880?
110
Let d(g) = -g**2 + 16*g + 2. Let w be d(16). Let u be 908 - (4 - -2) - w. Calculate the greatest common divisor of 75 and u.
75
Let d = 7402 + -7362. What is the highest common divisor of 3740 and d?
20
Let d = -2242 + 2466. Calculate the greatest common factor of 248 and d.
8
Let f(y) = y**3 + 8*y**2 - 10*y + 2. Let u be f(-9). Suppose -153*k + 35*k + 1298 = 0. What is the highest common factor of u and k?
11
Let r be ((-324)/45 - -6)*(-3420)/18. What is the greatest common divisor of 9728 and r?
76
Let o be (-8)/5*(-42545)/508. What is the highest common factor of o and 67?
67
Let r be (-4)/(52/19201)*(-3 + 2). What is the highest common divisor of r and 7?
7
Let d = 9251 + -6087. Calculate the highest common divisor of d and 56.
28
Let w(i) = i**2 - 26*i + 8. Let f be w(30). Let t be (-1 + 5/1)/((-2)/(-4)). Calculate the highest common divisor of f and t.
8
Suppose 3*f - 296 = -190*d + 185*d, -4*f + 28 = 0. What is the highest common factor of 45 and d?
5
Suppose -3*w = 8*c - 6*c - 484, 0 = -2*c - 8. Let t = -3 - -7. Suppose w = -i + 3*i + 2*f, -2*f = t*i - 338. Calculate the highest common factor of i and 58.
29
Suppose -97*b + 22086 = -1679. Calculate the highest common factor of b and 560.
35
Let g(u) = -2*u**3 - 52*u**2 + 34*u + 266. Let o be g(-27). Calculate the highest common factor of 310 and o.
62
Let y = -98 + 161. Let q be (-6 - (-176)/28) + 4/(-14). Suppose -5*p = 5*c - 35, q = 5*p + c - 0*c - 43. Calculate the highest common divisor of y and p.
9
Suppose 0 = 11*j - 1084 - 335. Let u = 162 - j. What is the greatest common factor of 9 and u?
3
Let y = -10187 + 11326. Calculate the greatest common divisor of y and 201.
67
Let g be 481*(-1)/(-12) + 827/(-9924). Calculate the highest common factor of 110 and g.
10
Let u(f) = f**2 + f - 54. Let p be u(-11). What is t